1 a prime number?
False
Is 51046329361 a prime number?
False
Is 10405089061 composite?
True
Is 43887919 composite?
True
Is 59624557 prime?
True
Is 29700280747 composite?
False
Is 1967255627 a prime number?
False
Is 3059065889 composite?
True
Is 26730893171 a prime number?
True
Is 4857239903 a prime number?
False
Is 2664147089 a prime number?
False
Is 86603705299 prime?
False
Is 371028921 composite?
True
Is 337209253 a composite number?
True
Is 546174253 prime?
True
Is 325627049 prime?
False
Is 7373001707 composite?
False
Is 8516417219 a prime number?
True
Is 6495818281 a prime number?
False
Is 2798277319 prime?
True
Is 209505337 a composite number?
True
Is 135500154067 composite?
False
Is 520785413 prime?
True
Is 484512803 a prime number?
False
Is 972070577 a prime number?
True
Is 27037057301 prime?
True
Is 4519920199 prime?
False
Is 50274337543 prime?
True
Is 2643975629 prime?
True
Is 13948941359 a prime number?
True
Is 167770663 a prime number?
False
Is 2378579677 prime?
True
Is 219144756741 a prime number?
False
Is 971337713 prime?
True
Is 18671391083 a composite number?
True
Is 15136772423 composite?
False
Is 1262081531 a composite number?
False
Is 11046971497 composite?
True
Is 727552871 a prime number?
True
Is 3425978147 a prime number?
False
Is 111405553 a composite number?
True
Is 210177977 a prime number?
True
Is 228350634821 a prime number?
True
Is 1322149817 composite?
True
Is 1276229041 prime?
True
Is 91116789391 a prime number?
False
Is 260307533 a composite number?
False
Is 2180459471 prime?
True
Is 10729786161 prime?
False
Is 480969943 prime?
True
Is 1002683501 prime?
True
Is 430930529 composite?
False
Is 77768461997 a composite number?
False
Is 2905356431 a composite number?
False
Is 27181589393 a composite number?
True
Is 1185860527 prime?
False
Is 2432431109 prime?
False
Is 194371647 composite?
True
Is 1137838447 a composite number?
False
Is 53295841 a prime number?
True
Is 10013700287 a prime number?
True
Is 5607693229 composite?
True
Is 16878409649 composite?
False
Is 817717483 a prime number?
False
Is 915415301 composite?
False
Is 14737662029 a composite number?
False
Is 717991555 a prime number?
False
Is 2952642701 a composite number?
False
Is 2305223161 prime?
False
Is 1880931721 a composite number?
True
Is 152889529031 prime?
True
Is 24317810327 a composite number?
True
Is 2332610747 composite?
False
Is 1339095551 composite?
True
Is 32869512947 composite?
False
Is 24682247039 a composite number?
False
Is 308999219 composite?
False
Is 91844003 prime?
True
Is 1322889449 composite?
True
Is 141027269611 composite?
False
Is 4303094885 a prime number?
False
Is 6264232511 a prime number?
False
Is 2903826007 prime?
False
Is 621001091 composite?
True
Is 716224763 composite?
False
Is 32274520139 prime?
True
Is 15244099349 prime?
False
Is 2690342689 prime?
False
Is 6816987889 a composite number?
True
Is 1499757979 a prime number?
True
Is 426931087 prime?
False
Is 133525290167 a composite number?
False
Is 199650385127 prime?
True
Is 118557497 composite?
False
Is 626500631 a prime number?
False
Is 4238123897 a prime number?
False
Is 1778456087 a prime number?
True
Is 4409388761 prime?
True
Is 16417011607 a prime number?
True
Is 54055273 a prime number?
True
Is 19120918441 a prime number?
True
Is 9623246329 composite?
False
Is 723782183 a composite number?
False
Is 85095630691 a composite number?
True
Is 169979419 a composite number?
False
Is 31827820853 a prime number?
True
Is 10096431953 composite?
False
Is 6204873 prime?
False
Is 2233200163 a composite number?
False
Is 5078748971 prime?
True
Is 48514921493 composite?
False
Is 890898287 a composite number?
False
Is 4191904259 a composite number?
True
Is 12108808001 prime?
False
Is 689056999 a prime number?
True
Is 1490107538 a prime number?
False
Is 9126251723 prime?
False
Is 914170303 a prime number?
True
Is 1405917421 a prime number?
True
Is 129257633 composite?
False
Is 33719660657 prime?
False
Is 4318200683 prime?
False
Is 1146016409 a prime number?
True
Is 9556877489 prime?
True
Is 8597551 a composite number?
False
Is 616058213 a prime number?
True
Is 48291940313 prime?
False
Is 11365072447 composite?
False
Is 46520656753 prime?
False
Is 431100961 a prime number?
False
Is 1717714177 a composite number?
False
Is 274860683 a composite number?
False
Is 2010309221 prime?
True
Is 7329115559 composite?
False
Is 148544843 a prime number?
True
Is 75817130261 a composite number?
False
Is 48448679501 a composite number?
True
Is 4870285153 composite?
False
Is 1137486529 a prime number?
True
Is 20391359591 a composite number?
False
Is 852312467 prime?
False
Is 244123861 a prime number?
False
Is 426516407 composite?
False
Is 15857531713 a composite number?
False
Is 1314531521 composite?
True
Is 426611365 composite?
True
Is 29016901 prime?
True
Is 16124539567 composite?
False
Is 3766963243 composite?
True
Is 1730476757 a composite number?
False
Is 16087231997 a composite number?
False
Is 128038243 a composite number?
False
Is 270634163 a prime number?
False
Is 50436247 prime?
False
Is 40516981871 prime?
False
Is 40874353769 composite?
False
Is 1447830617 prime?
False
Is 1071947369 composite?
True
Is 5855465593 composite?
False
Is 6915588521 prime?
True
Is 110876208059 prime?
False
Is 6505376749 prime?
False
Is 3761872321 a prime number?
True
Is 77668272629 composite?
True
Is 34256274023 a composite number?
True
Is 19623717569 composite?
True
Is 169023456145 prime?
False
Is 87249053 composite?
False
Is 10244294 a composite number?
True
Is 718615913 prime?
False
Is 4380499 a prime number?
True
Is 2631024689 composite?
False
Is 48723385811 a prime number?
False
Is 1547021071 a prime number?
True
Is 14655149431 a composite number?
True
Is 47825626811 composite?
False
Is 20570833 composite?
True
Is 53760281 a composite number?
False
Is 2667772867 prime?
True
Is 313998547 a composite number?
False
Is 26432579 a composite number?
True
Is 53120893807 a prime number?
False
Is 9749411011 a composite number?
True
Is 94797499273 prime?
False
Is 11359812767 a composite number?
False
Is 1947293807 prime?
True
Is 236848799 a composite number?
True
Is 3303503933 composite?
True
Is 2904325337 a composite number?
False
Is 13879354667 a prime number?
True
Is 82537771879 prime?
True
Is 898628573 a composite number?
False
Is 370825387 a composite number?
False
Is 54458471659 prime?
False
Is 2869430299 a prime number?
True
Is 9190851785 composite?
True
Is 1531079419 prime?
True
Is 34937251507 a prime number?
True
Is 3200799317 composite?
False
Is 3062535179 prime?
False
Is 24917986073 composite?
True
Is 1331864855 prime?
False
Is 2268253111 a prime number?
True
Is 332922743 a prime number?
False
Is 3505422683 prime?
False
Is 6959367505 a composite number?
True
Is 33827211427 prime?
True
Is 72048239 composite?
False
Is 4465892617 prime?
False
Is 14196468059 a composite number?
True
Is 1354491473 a composite number?
True
Is 43601863 prime?
False
Is 1962245177 composite?
True
Is 11773774913 a composite number?
True
Is 10031520659 composite?
True
Is 1253422883 a composite number?
True
Is 59327656691 a prime number?
True
Is 5185121803 prime?
False
Is 1292465339 composite?
True
Is 1918115081 a composite number?
False
Is 7920549349 prime?
False
Is 8115129017 a composite number?
False
Is 826797641 a prime number?
True
Is 1829986643 a prime number?
False
Is 170344297 composite?
False
Is 408863317 a prime number?
True
Is 41302354501 prime?
False
Is 1599576793 composite?
True
Is 3555571667 prime?
False
Is 9148548547 composite?
False
Is 1512843779 a composite number?
False
Is 64008166681 a composite number?
True
Is 7883141459 a prime number?
True
Is 12606998583 prime?
False
Is 10410559889 prime?
False
Is 5561256083 prime?
True
Is 175058584562 composite?
True
Is 1847185207 a composite number?
True
Is 1442287043 a prime number?
True
Is 294566539 a composite number?
False
Is 371213471 composite?
True
Is 122967263 composite?
True
Is 1048409255 composite?
True
Is 983955118 a composite number?
True
Is 181147847 a composite number?
True
Is 3830109019 a composite number?
True
Is 44616947917 a prime number?
True
Is 528941443 a composite number?
True
Is 14754808919 prime?
True
Is 1200650977 a composite number?
True
Is 8227171159